tens digit of c?
1
Let i(f) = 177*f + 108. What is the hundreds digit of i(4)?
8
Let p(h) = -23*h - 40. Suppose 0 = -78*k + 72*k - 66. What is the tens digit of p(k)?
1
Let i be (126/27)/(4/6). Suppose 4*g - 20 = -5*m, -5*g + 2*m - 4*m = -25. Suppose g*f = 3*x + 100, -4*f + 2*x + 43 = i*x. What is the tens digit of f?
1
What is the thousands digit of (143/13 - 6) + 5678?
5
Let m be (-8)/(-28) + (-149)/7. What is the tens digit of (-7)/(1/m*3)?
4
Suppose -1384 = -2*a - 4*u, 0 = 2*a - 5*u - 1552 + 177. What is the units digit of a?
0
Let d(c) = c**2 - 2. Let r be d(2). Suppose f + 24 = 3*g + 2*g, -f - 18 = -3*g. What is the units digit of 4 - f/(-1 + r)?
3
Let f(a) = a**3 + 12*a**2 - 14*a - 9. Let g be -1 - (7 + 4 - -1). Let m be f(g). Let h(w) = 4*w - 6. What is the tens digit of h(m)?
1
What is the units digit of 89696/(-24)*(-9)/12?
3
Let q = -9 - -9. Suppose -3*g + 8*g - 25 = q. Suppose 3*a + g*i - 100 = 0, -a + 3*a + i = 55. What is the units digit of a?
5
Let a(g) = -41*g - 29. Let c(f) = 21*f + 15. Let z(u) = 3*a(u) + 5*c(u). What is the tens digit of z(-3)?
4
Suppose 3*b + 4*n = 6689, -4*b + 4*n + 8872 = -0*n. What is the units digit of b?
3
Let r(g) = -42*g + 46. What is the tens digit of r(-6)?
9
Suppose -4*g + 5*u = -850, 3*g + 2*u = 5*u + 639. What is the tens digit of g?
1
Let w be (-8)/(0 - 4/10). Suppose -q = 3*q - w. What is the units digit of 4/(-10) - (-67)/q?
3
Suppose -64*k + 65*k - 2066 = -3*v, 10266 = 5*k - v. What is the thousands digit of k?
2
Let s be 78 + 6/(-3) - -4. Let x = 120 - s. What is the units digit of x?
0
Suppose -4*h + 579 = 15*a - 14*a, 0 = 4*a - 4*h - 2236. What is the units digit of a?
3
What is the hundreds digit of (156 - 0)/(((-552)/(-160))/23)?
0
What is the units digit of (-5)/(-3)*3 - (5 + -3379)?
9
Let w = 123 + -28. What is the tens digit of w?
9
Let h(z) = 7*z**2 + 21*z - 17. Let i(m) = 4*m**2 + 11*m - 9. Let d(k) = -6*h(k) + 11*i(k). Let p be d(-6). Let n = 152 - p. What is the units digit of n?
7
Let i(m) = 2 - m**2 - m + 10*m + 8. What is the tens digit of i(5)?
3
Let u(r) = 8*r + 0 - 12*r + 5 - 11*r. What is the tens digit of u(-6)?
9
Let m be 8/(-16) - 9/(-2). Let d(y) = 6*y**2 + 7*y - 7. What is the tens digit of d(m)?
1
Let a = 134 + 800. What is the tens digit of a?
3
What is the tens digit of (3*55)/((-7)/(-7)*1)?
6
Let k be (-8)/12*9/(-3). Suppose -k*a - 3*a = -10. Suppose -4*v - 5*o = -0*o - 47, 4*v - a*o = 26. What is the units digit of v?
8
Suppose -2*p + q + 239 = 0, 2*q = 2*p - 3*q - 227. Suppose -4*l - 3*m + p = 0, 2*m - 165 = -5*l + m. What is the tens digit of l?
3
Let y = 2166 + -661. What is the hundreds digit of y?
5
Let q = 380 - -76. What is the units digit of q?
6
Let h(f) = 27*f. Let y be h(1). Suppose -a + y = -5*k, -2*k + 5*k + 29 = a. What is the units digit of a?
2
Suppose 3085 - 22085 = -8*u. What is the tens digit of u?
7
Let c(k) = k + 15. Let a(r) = 2*r + 44. Let x(q) = 6*a(q) - 17*c(q). What is the units digit of x(-8)?
9
Suppose -2812 = 255*c - 259*c. What is the units digit of c?
3
Let f(i) = 350*i**2 - 8*i + 6. What is the hundreds digit of f(1)?
3
Let p(f) = -f**3 + 5*f**2 - 6*f. Let o be p(3). Suppose o = -2*u + t + 65, -u = -2*t + t - 32. What is the units digit of u?
3
Let u(m) = -13*m**2 + 1. Let h be 3*((-4)/(-12) - 0). Let o be u(h). Let v(i) = i**3 + 12*i**2 + 7. What is the units digit of v(o)?
7
Let m(t) = -t + 89. Let b be m(0). Let i = b + -152. What is the units digit of 9/i + 260/7?
7
Suppose 3*d = 6, 3*d = -4*j - j + 11. What is the units digit of 58 + j + (-10)/10?
8
Let w(n) = 8*n + 103. Let y be w(-14). Let o(z) = 4*z**3 - 3*z**3 - 6 + 8*z**2 - 12*z + 0*z. What is the units digit of o(y)?
1
Let l be ((-4)/(-8))/((-1)/(-226)). Let a = -55 + l. What is the tens digit of a?
5
Let b(y) = -y**3 + 5*y**2 - 3*y + 4. Let w be b(3). Suppose 0 = -3*k + 4*k - 4*z - w, 5*k - 4*z = 81. What is the units digit of k?
7
Let z(t) = 53*t**2 + 5*t - 19. Let m be z(7). Suppose 0 = s + 12*s - m. What is the hundreds digit of s?
2
Let m(r) be the first derivative of -3*r**4/4 + r**2 + 2*r - 1. Suppose -63*q = -64*q - 2. What is the units digit of m(q)?
2
Let k(n) = -13*n - 11. Let x be 66/12 + (-1)/2. Suppose x*m + 4*r + 9 = 0, 0 = -3*m - 0*m - 3*r - 3. What is the tens digit of k(m)?
5
Let p(f) be the second derivative of f**6/720 + f**5/60 - f**4/6 + 5*f. Let m(t) be the third derivative of p(t). What is the units digit of m(9)?
1
Let n be 10/(-15) - (-5)/3. Let u(a) = 35*a + 3. Let t(v) = -18*v - 1. Let h(j) = -7*t(j) - 3*u(j). What is the units digit of h(n)?
9
Suppose -2*t + 2*c = -1494 + 170, -c = 0. What is the units digit of t?
2
Let t(j) = 126*j**2 - 3*j - 5. What is the hundreds digit of t(-2)?
5
Let v = -16 - -23. Let l(k) = 2*k**2 - k**2 - 3*k - 2*k + v. What is the tens digit of l(8)?
3
Let i(x) = -4*x - 9. Let l be i(-5). Let c(w) = 5*w + 23. What is the units digit of c(l)?
8
Let u = 51 + -49. Suppose 54 + 326 = u*g. What is the units digit of g?
0
Let g = -1140 - -1710. What is the tens digit of g?
7
Suppose d - 16 = -d. Let k = 33 + 77. Suppose -d*u = -3*u - k. What is the tens digit of u?
2
Suppose -17 = -u - 0*u. Suppose w + 2 - u = 0. What is the tens digit of w?
1
Let s(t) = 22*t**2 + 24*t + 105. What is the tens digit of s(-5)?
3
Suppose -6*w - 4*p + 6 = -5*w, -6 = -2*w - 2*p. Suppose 3*x - 3*n - 390 = -w*x, -2*x - 5*n = -156. What is the units digit of x?
8
Suppose h - 2*q - 570 = 0, 4*h - 2*q - 1672 = 620. What is the hundreds digit of h?
5
Let g be (0 - -1) + 80/5. Let c = -51 - -71. Let o = c + g. What is the units digit of o?
7
Let a(g) = -4*g**3 + 2*g**2 - 5*g - 4. Let u(p) = 6*p - 2. Let j be u(1). Let c be a(j). What is the units digit of ((-4)/(-1))/((-16)/c)?
2
Suppose -5*k - 5*m + 2*m + 16 = 0, 0 = 3*k + 3*m - 6. Suppose 16 = 9*f - k*f. Suppose -2*u + 4*u + 4 = 5*v, 0 = f*u - 4*v - 4. What is the units digit of u?
3
Suppose 0 = -2*r + 5*r - 6. What is the units digit of 6/r + 57 + 1?
1
Suppose -55*f + 45*f = -47710. What is the units digit of f?
1
Let l(p) = p**3 - 3*p**2 - 7*p - 1. Let s(j) = -5*j - 9*j + 9*j + 6 - 6*j**2 - 2*j + j**3. Let f be s(7). What is the units digit of l(f)?
5
Suppose 146 = 3*j - 2*c, -5*c + 26 = 2*j - 65. Let q be j/26 - 6/(-39). Let o(d) = 3*d**2 + 2*d. What is the tens digit of o(q)?
1
Suppose -27*d + 53796 = -15*d. What is the hundreds digit of d?
4
Suppose -4*s - 2 = 2. Let u be (-66)/(-24) - s/4. What is the units digit of u*(3 - 8/(-6))?
3
Let m(o) = -o**2 - 7*o + 4. Let d be m(-8). What is the tens digit of (4 + (-142)/d)*2?
7
Let y = -12 + 24. What is the units digit of (-80)/(-14) + 1/(42/y)?
6
Let y be (-18)/27*3*-1. Suppose -o - 4*w = -y*o + 19, 2*w = o - 25. Suppose -5*t = -2*r - o, 0*t + 19 = 5*t + 2*r. What is the units digit of t?
5
Suppose -3*a - d + 3 = -8, -5*a - 3*d = -21. Let k = 6 + 9. Suppose 122 = v + 3*v + 2*x, -a*x + k = 0. What is the tens digit of v?
2
Let l = 21 + -25. Let j be (-7)/l - 2/(-8). Suppose -j*o + 210 = 3*o. What is the units digit of o?
2
Let i(p) = -p - 12. Let j be i(13). Let q = j - -41. Let b = 41 - q. What is the units digit of b?
5
Suppose -4*n = 4*v - 32, 0 = -n + 2*v + v - 8. Suppose -n*y = -25 - 71. Let i = y + 4. What is the units digit of i?
8
Let y be 2/(-4) + (-8)/(-16). Let d be 0/(-3) + (y - -36). Suppose -2*v + 5*u - u = -24, -3*v + d = -3*u. What is the tens digit of v?
1
Suppose 4*m - m - 2277 = 0. What is the hundreds digit of m?
7
Let k(f) = -2*f**2 + 20*f + 27. Let j be k(11). Suppose -532 = -j*a + 3*a. What is the hundreds digit of a?
2
Let u(q) = 13*q**2 - 10*q + 118. What is the tens digit of u(8)?
7
Let u(c) be the third derivative of -c**5/60 - 13*c**4/24 - c**3/2 + 3*c**2. Let x(d) = -d**2 + 3*d + 1. Let v be x(5). What is the tens digit of u(v)?
3
Suppose 0 = 5*g - 4*q - 9, -1 = 4*g - q - 6. What is the units digit of ((-18)/(2 - g))/(4/(-30))?
5
Let d = 263 - 84. Suppose 4*i - o - 547 + 156 = 0, -2*i - 5*o + d = 0. What is the tens digit of i?
9
Suppose 2*h = 4*o - 9925 + 3187, -3*o + 5081 = 4*h. What is the units digit of o?
7
Let q be (50/(-4))/(6/(-12)). What is the tens digit of (q/3)/((-1)/(-3))?
2
Suppose -u - 911 = -t, 3640 = -9*u + 5*u + 2*t. Let p = -614 - u. What is the hundreds digit of p?
2
What is the tens digit of 181